e units digit of b/7 + 556/m?
0
Let k = -97 + 102. Let s be -3 - (-435 - k - 1). Let w = s - 243. What is the tens digit of w?
9
Suppose 4*u - 39721 = -5*u - 2*u. What is the thousands digit of u?
3
Let i(a) = 123*a**2 + 142*a - 1893. What is the units digit of i(13)?
0
Suppose 13*g = 27*g - 7*g - 149338. What is the hundreds digit of g?
3
Suppose -8*r + 12 = -5*r, -r = -h. What is the tens digit of 7 - ((-1351)/7 + h)?
9
Suppose -4351 - 14535 = -4*g + 1754. What is the hundreds digit of g?
1
Let i = 68 - 70. Let a be (-7 - 13/i)/((-1)/4). Suppose -a*w + 370 = -102. What is the hundreds digit of w?
2
What is the units digit of (32/(-64))/(1/93882)*18/(-27)?
4
Let b(m) = -921*m**3 - m**2 + 3*m + 10. What is the units digit of b(-2)?
8
Let h = -1706 - -10140. What is the tens digit of h?
3
Suppose -4*t + 42084 = -4*a, -3*a - 7645 = t - 18190. What is the ten thousands digit of t?
1
Suppose 45*x = -3216 + 12306. Let b(u) = 43*u - 1. Let a be b(3). Suppose 5*q = a + x. What is the tens digit of q?
6
Let x(c) = c**3 - 14*c**2 + c - 12. Let h be x(14). Let i(j) = 0*j**3 + j**3 + 11*j - 9*j**h + 15 + 23*j**2. What is the units digit of i(-13)?
1
Let k(f) = -37*f**2 - 20*f + 41. Let l be k(-6). Let t = l - -2050. What is the hundreds digit of t?
8
Let s = -1755 - -335. Suppose 3*x + 89 + 61 = 0. What is the hundreds digit of (s/x)/(2/10)?
1
Let u = -33 - -48. Suppose 0 = u*a - 2114 + 389. What is the tens digit of a?
1
Let p be 5/(-10)*-55*4. Let d = p + -106. Suppose 5*n = 9*r - d*r - 810, 3*r - 492 = -3*n. What is the tens digit of r?
6
Let p be (4/(-4))/(-1)*2. Let w(l) = 12 - 13*l + 22 + 58*l**p - 59*l**2. What is the tens digit of w(-11)?
5
Suppose -2*x - 72 = -5*x. Let m be ((-758)/(-5))/(x/60). Suppose m = 6*k + 13. What is the tens digit of k?
6
Let m = -21 - -1. Let z be ((-8)/m)/((-1)/365). Let o = -10 - z. What is the tens digit of o?
3
What is the thousands digit of (-30 - -6192) + (-4 - -6 - 0)?
6
Let z(s) be the third derivative of 17*s**4/24 - 51*s**3/2 - 278*s**2. What is the hundreds digit of z(19)?
1
Let h(c) = c**2 - 11*c - 21. Suppose 3*g - 59 + 20 = 0. Let t be h(g). Let x(s) = 11*s**2 - s - 13. What is the tens digit of x(t)?
5
Suppose -140*t = -97*t - 665561 - 661032. What is the thousands digit of t?
0
Let h = -6888 - -10372. Suppose -5*n = -c + 1148, -32*c = -29*c + 5*n - h. What is the hundreds digit of c?
1
What is the hundreds digit of (-167662)/(-21) + -7 + (-1788)/(-252)?
9
Suppose -559786 = 7*y - 113*y. What is the hundreds digit of y?
2
Suppose 47*z - 44*z = -2*s + 20169, -4*s + 40341 = 5*z. What is the thousands digit of s?
0
Let a = -19014 - -30591. What is the tens digit of a?
7
Let z = -5137 + 7374. Suppose -5*s = 2*t - 2780, -2*s + t + z = 2*s. What is the units digit of s?
8
Let c = 6908 + 3772. What is the thousands digit of c?
0
Let w be (-6*(-2)/9)/(16/48). What is the hundreds digit of (-1688)/(-20)*(9 - w)?
4
Let j(q) = 2*q**2 - 64*q - 43. Suppose 14*x - 38 = 13*x. What is the hundreds digit of j(x)?
4
Let q(y) be the second derivative of y**4 + y**3/6 - 4*y**2 + 278*y. Let h = 6 + -10. What is the tens digit of q(h)?
8
Suppose 2*h + 568 - 4108 = 0. Suppose -2*z = 4*z - h. What is the hundreds digit of z?
2
Let u(r) = -15*r + 60. Let o(c) = -8*c + 30. Let j(x) = -5*o(x) + 3*u(x). Let m be j(13). Let t = m - -46. What is the tens digit of t?
1
Let v(g) be the first derivative of -g**3/3 + 14*g**2 - 12*g - 30. What is the units digit of v(20)?
8
Let a(n) = -53*n - 494. What is the units digit of a(-58)?
0
Let l(s) = -s**3 - 3*s**2 + 5. Let j be l(-3). Suppose j*x + 5 - 25 = 0. What is the hundreds digit of 4/x - -220 - 2?
2
Suppose -25 = -7*s - 4. Let z(r) = 15*r**2 + 2*r - 11. Let v be z(s). Let t = 18 + v. What is the units digit of t?
8
Suppose 5*l - 1 = -3*p, -3*l + 4*p + 25 - 7 = 0. Suppose -n + 37 + 126 = -l*b, -b = 4. What is the units digit of n?
5
What is the hundreds digit of 152306/44*48/28?
9
Let f be (9/(-6))/(19/(-190)). Let o = f - -116. What is the hundreds digit of o?
1
Let n = 3731 - 5871. Suppose 4*f - 3*l - 5 = 0, 3*f + 3*l = 7*l - 5. What is the units digit of (n/(-8))/f - 1/(-2)?
4
Let v(j) = -37*j**2 - 13 + 7*j - 39*j**2 - 6 - j**3 + 71*j**2. Suppose 0 = 4*o + 8, -4*d - 19 - 13 = 2*o. What is the tens digit of v(d)?
3
Let g = 1820 - 756. Suppose -w + 2064 = g. What is the hundreds digit of w?
0
Suppose a + 379*s - 380*s = 7338, 0 = -5*s. What is the tens digit of a?
3
Let z(l) = -l**2 + 8*l + 10. Let x be z(10). Let k = -155 + 135. Let q = x - k. What is the tens digit of q?
1
Let q(k) = 141*k**3 - 11*k**2 - 24*k + 95. What is the tens digit of q(5)?
2
Let g = 1481 + -855. What is the tens digit of g?
2
Suppose -6*h = -21 - 9. Let w(i) = i**3 - 7*i**2 + 5*i + 11. Let v be w(6). What is the units digit of (2/v)/(h/75)?
6
Let g be ((-228)/16)/(4/(-16)). Suppose g*m - 59*m - 12 = 0. Let o(c) = -11*c + 9. What is the tens digit of o(m)?
7
Suppose 21 + 3 = 6*g. Suppose 1574 = g*y + 3*b, -3*b - 1193 = -3*y + b. What is the tens digit of y?
9
Let j = 1298 - 382. Let f = j - 579. What is the units digit of f?
7
Suppose -41*v = -48*v + 28. Suppose l + v - 15 = -5*j, -4*l = -2*j - 132. What is the units digit of l?
1
What is the units digit of 1016872/340 + (-18)/10?
9
Let x(i) = 2*i**2 - i - 2. Let k(h) = 12*h**2 + 67*h - 80. Let n(b) = -k(b) + 5*x(b). What is the tens digit of n(-34)?
0
Let y(k) be the second derivative of k**4/4 + 28*k**3/3 - 27*k**2 - 80*k. What is the tens digit of y(-25)?
2
Let y(t) = -t**3 + 101*t**2 + 229*t - 993. What is the thousands digit of y(103)?
1
Let q(s) = 26*s - 197. Let m be q(8). Suppose -m*j - 858 = -15961. What is the tens digit of j?
7
Let g(l) = l**2 + 3*l - 63. Let p be g(8). Suppose -18*i - 4746 = -p*i. What is the hundreds digit of i?
6
What is the hundreds digit of -5 - (60/(-240) + (-2 - (-76774)/(-8)))?
5
Let p be (7 - (-120)/(-18))/(1/10497). Let b = p + -2385. What is the thousands digit of b?
1
Suppose 0 = 3*r - 4*n - 0*n - 7054, 0 = -4*r + n + 9427. What is the tens digit of r?
5
Suppose 58*d + 2739 = 47*d. Let t = d + 1418. What is the units digit of t?
9
Let j = 26639 + -3685. What is the tens digit of j?
5
Let w = -14 - -37. Let c = -11 + w. Suppose -2*p = -p - c. What is the tens digit of p?
1
What is the thousands digit of (26/4)/(92/110216)?
7
Suppose 0 = 186*a - 6876804 - 5876100. What is the tens digit of a?
6
Let i = -32737 - -47189. What is the thousands digit of i?
4
Let x(t) = -t**3 - 14*t**2 - 35*t + 3. Let q be x(-18). Let f = 2874 - q. What is the hundreds digit of f?
9
Suppose 8 = 6*i - 2*i. What is the units digit of (-2)/((-40)/(-3690))*(-4)/i?
9
Suppose 2*x + 18 + 64 = 0. Let k = -41 - x. Suppose -w + 10 + 37 = k. What is the tens digit of w?
4
Let k(m) = -m**3 + 60*m**2 + 147*m + 525. What is the units digit of k(50)?
5
Suppose 134*p = 143*p - 135. Suppose -758 = -4*z + 2*w, 4*w + w = p. What is the units digit of z?
1
What is the thousands digit of (((-188298)/4)/9*(-288)/(-54))/(-2)?
3
Let o = 105 - 86. Suppose 22*q - o*q - 15 = 0. Suppose -q*c = 4*a - 35, 0*c - 3*c + 2*a + 21 = 0. What is the units digit of c?
7
Suppose 0 = 73*d - 71*d - 4. What is the hundreds digit of d + (-6448)/(-12) - 4/3?
5
Let m(p) be the first derivative of -p**4/4 + 8*p**3 - 17*p**2/2 + 77*p - 160. What is the hundreds digit of m(22)?
6
Let f = 12 - 8. Suppose 0 = -2*i + s + 10, 3*i - 6*i + 16 = -s. Suppose i*m = f*m + 150. What is the tens digit of m?
7
Let t = 217 - -1683. What is the thousands digit of t?
1
Suppose -5*m = -30, x - 6395 = -18*m + 14*m. What is the hundreds digit of x?
3
Let s(t) = -2960*t - 626. What is the ten thousands digit of s(-4)?
1
Suppose 554*z - 588*z = -845410. What is the hundreds digit of z?
8
Let v be (-62)/6 + 2 + 15/(-9). Let d be 6/15 + (3 - (-34)/v). Suppose 4*m + 2*m - 1344 = d. What is the tens digit of m?
2
Suppose y = -5*o + 111, 4*y + 76 - 474 = 3*o. Let v = y - 144. What is the tens digit of (v + 1)/((-5)/10)?
8
Suppose 3868 = 7*t + 403. Suppose 4*s - t = 369. What is the units digit of s?
6
Suppose -4575 = -16*b + 13*b. Suppose -5*k = -3*m + b, -4*m + 2068 = -2*k + 4*k. What is the units digit of m?
5
Let m be ((-36707)/(-22))/(2/(-4)). Let z = m + 1985. What is the tens digit of (-2)/12 + z/(-48)?
2
Su